{"id":101264,"date":"2017-05-08T16:43:43","date_gmt":"2017-05-08T14:43:43","guid":{"rendered":"https:\/\/www.orvietointerrazza.com\/alloggi\/"},"modified":"2024-08-29T08:05:59","modified_gmt":"2024-08-29T06:05:59","slug":"habitaciones","status":"publish","type":"page","link":"https:\/\/www.orvietointerrazza.com\/es\/habitaciones\/","title":{"rendered":"Habitaciones"},"content":{"rendered":"<div class=\"wpb-content-wrapper\"><p>[vc_row][vc_column width=\u00bb1\/1&#8243;][vc_separator sep_color=\u00bbcolor-gyho\u00bb uncode_shortcode_id=\u00bb154282&#8243; sep_color_type=\u00bbuncode-palette\u00bb][\/vc_column][\/vc_row][vc_row][vc_column][vc_column_text text_color=\u00bbaccent\u00bb uncode_shortcode_id=\u00bb155505&#8243; text_color_type=\u00bbuncode-palette\u00bb]Orvieto in Terrazza es un encantador apartamento ubicado en el <strong>centro hist\u00f3rico de Orvieto<\/strong>, ubicado en el segundo piso de un edificio se\u00f1orial del siglo XIV, cerca del Barrio Medieval, completamente renovado en diciembre de 2011.<\/p>\n<p>Consta de sal\u00f3n comedor, cocina, tres habitaciones dobles y ba\u00f1o con plato de ducha. Es termoaut\u00f3nomo e independiente. El mobiliario ha sido cuidadosamente estudiado en cada detalle para hacer la estancia de nuestros hu\u00e9spedes lo m\u00e1s agradable posible. El apartamento se encuentra en una zona tranquila y pac\u00edfica del centro hist\u00f3rico, la ubicaci\u00f3n central le permite caminar a todos los monumentos de la ciudad desde el <strong>Duom<\/strong>o hasta el <strong>Palazzo del Capitano del Popolo,<\/strong> <strong>Pozzo di San Patrizio<\/strong>.<\/p>\n<p>Posibilidad de aparcamiento gratuito.[\/vc_column_text][\/vc_column][\/vc_row][vc_row][vc_column width=\u00bb1\/4&#8243;][vc_custom_heading heading_semantic=\u00bbh3&#8243; text_size=\u00bbh3&#8243; uncode_shortcode_id=\u00bb822066&#8243;]<\/p>\n<p style=\"text-align: left;\"><a href=\"https:\/\/www.orvietointerrazza.com\/alloggi\/camera-bianca\/\">CAMERA BIANCA<\/a><\/p>\n<p>[\/vc_custom_heading][vc_column_text uncode_shortcode_id=\u00bb623736&#8243;]2 posti letto[\/vc_column_text][vc_single_image media=\u00bb176&#8243; media_poster=\u00bbyes\u00bb media_width_percent=\u00bb100&#8243; media_ratio=\u00bbone-one\u00bb uncode_shortcode_id=\u00bb190939&#8243; media_link=\u00bburl:https%3A%2F%2Fwww.orvietointerrazza.com%2Falloggi%2Fcamera-bianca%2F\u00bb][\/vc_column][vc_column width=\u00bb1\/4&#8243;][vc_custom_heading heading_semantic=\u00bbh3&#8243; text_size=\u00bbh3&#8243; uncode_shortcode_id=\u00bb418099&#8243;]<\/p>\n<p style=\"text-align: left;\"><a href=\"https:\/\/www.orvietointerrazza.com\/alloggi\/camera-gialla\/\">CAMERA GIALLA<\/a><\/p>\n<p>[\/vc_custom_heading][vc_column_text uncode_shortcode_id=\u00bb292355&#8243;]2-4 posti letto[\/vc_column_text][vc_single_image media=\u00bb177&#8243; media_width_percent=\u00bb100&#8243; media_ratio=\u00bbone-one\u00bb uncode_shortcode_id=\u00bb186873&#8243; media_link=\u00bburl:https%3A%2F%2Fwww.orvietointerrazza.com%2Falloggi%2Fcamera-gialla%2F\u00bb][\/vc_column][vc_column width=\u00bb1\/4&#8243;][vc_custom_heading heading_semantic=\u00bbh3&#8243; text_size=\u00bbh3&#8243; uncode_shortcode_id=\u00bb152129&#8243;]<\/p>\n<p style=\"text-align: left;\"><a href=\"https:\/\/www.orvietointerrazza.com\/alloggi\/mansarda\/\">CAMERA MANSARDA<\/a><\/p>\n<p>[\/vc_custom_heading][vc_column_text uncode_shortcode_id=\u00bb281353&#8243;]2-3 posti letto[\/vc_column_text][vc_single_image media=\u00bb182&#8243; media_width_percent=\u00bb100&#8243; media_ratio=\u00bbone-one\u00bb uncode_shortcode_id=\u00bb917935&#8243; media_link=\u00bburl:https%3A%2F%2Fwww.orvietointerrazza.com%2Falloggi%2Fmansarda%2F\u00bb][\/vc_column][vc_column width=\u00bb1\/4&#8243;][\/vc_column][\/vc_row][vc_row][vc_column width=\u00bb1\/1&#8243;][vc_empty_space empty_h=\u00bb2&#8243;][\/vc_column][\/vc_row]<\/p>\n<\/div>","protected":false},"excerpt":{"rendered":"<p>[vc_row][vc_column width=\u00bb1\/1&#8243;][vc_separator sep_color=\u00bbcolor-gyho\u00bb uncode_shortcode_id=\u00bb154282&#8243; sep_color_type=\u00bbuncode-palette\u00bb][\/vc_column][\/vc_row][vc_row][vc_column][vc_column_text text_color=\u00bbaccent\u00bb uncode_shortcode_id=\u00bb155505&#8243; text_color_type=\u00bbuncode-palette\u00bb]Orvieto in Terrazza es un encantador apartamento ubicado en el centro hist\u00f3rico de [&hellip;]<\/p>\n","protected":false},"author":1,"featured_media":0,"parent":0,"menu_order":0,"comment_status":"closed","ping_status":"closed","template":"","meta":{"ngg_post_thumbnail":0,"footnotes":""},"class_list":["post-101264","page","type-page","status-publish","hentry"],"aioseo_notices":[],"_links":{"self":[{"href":"https:\/\/www.orvietointerrazza.com\/es\/wp-json\/wp\/v2\/pages\/101264","targetHints":{"allow":["GET"]}}],"collection":[{"href":"https:\/\/www.orvietointerrazza.com\/es\/wp-json\/wp\/v2\/pages"}],"about":[{"href":"https:\/\/www.orvietointerrazza.com\/es\/wp-json\/wp\/v2\/types\/page"}],"author":[{"embeddable":true,"href":"https:\/\/www.orvietointerrazza.com\/es\/wp-json\/wp\/v2\/users\/1"}],"replies":[{"embeddable":true,"href":"https:\/\/www.orvietointerrazza.com\/es\/wp-json\/wp\/v2\/comments?post=101264"}],"version-history":[{"count":3,"href":"https:\/\/www.orvietointerrazza.com\/es\/wp-json\/wp\/v2\/pages\/101264\/revisions"}],"predecessor-version":[{"id":101772,"href":"https:\/\/www.orvietointerrazza.com\/es\/wp-json\/wp\/v2\/pages\/101264\/revisions\/101772"}],"wp:attachment":[{"href":"https:\/\/www.orvietointerrazza.com\/es\/wp-json\/wp\/v2\/media?parent=101264"}],"curies":[{"name":"wp","href":"https:\/\/api.w.org\/{rel}","templated":true}]}}

<div class="wpb-content-wrapper"><p>[vc_row][vc_column width=»1/1&#8243;][vc_separator sep_color=»color-gyho» uncode_shortcode_id=»154282&#8243; sep_color_type=»uncode-palette»][/vc_column][/vc_row][vc_row][vc_column][vc_column_text text_color=»accent» uncode_shortcode_id=»155505&#8243; text_color_type=»uncode-palette»]Orvieto in Terrazza es un encantador apartamento ubicado en el <strong>centro histórico de Orvieto</strong>, ubicado en el segundo piso de un edificio señorial del siglo XIV, cerca del Barrio Medieval, completamente renovado en diciembre de 2011.</p>
<p>Consta de salón comedor, cocina, tres habitaciones dobles y baño con plato de ducha. Es termoautónomo e independiente. El mobiliario ha sido cuidadosamente estudiado en cada detalle para hacer la estancia de nuestros huéspedes lo más agradable posible. El apartamento se encuentra en una zona tranquila y pacífica del centro histórico, la ubicación central le permite caminar a todos los monumentos de la ciudad desde el <strong>Duom</strong>o hasta el <strong>Palazzo del Capitano del Popolo,</strong> <strong>Pozzo di San Patrizio</strong>.</p>
<p>Posibilidad de aparcamiento gratuito.[/vc_column_text][/vc_column][/vc_row][vc_row][vc_column width=»1/4&#8243;][vc_custom_heading heading_semantic=»h3&#8243; text_size=»h3&#8243; uncode_shortcode_id=»822066&#8243;]</p>
<p style="text-align: left;"><a href="https://www.orvietointerrazza.com/alloggi/camera-bianca/">CAMERA BIANCA</a></p>
<p>[/vc_custom_heading][vc_column_text uncode_shortcode_id=»623736&#8243;]2 posti letto[/vc_column_text][vc_single_image media=»176&#8243; media_poster=»yes» media_width_percent=»100&#8243; media_ratio=»one-one» uncode_shortcode_id=»190939&#8243; media_link=»url:https%3A%2F%2Fwww.orvietointerrazza.com%2Falloggi%2Fcamera-bianca%2F»][/vc_column][vc_column width=»1/4&#8243;][vc_custom_heading heading_semantic=»h3&#8243; text_size=»h3&#8243; uncode_shortcode_id=»418099&#8243;]</p>
<p style="text-align: left;"><a href="https://www.orvietointerrazza.com/alloggi/camera-gialla/">CAMERA GIALLA</a></p>
<p>[/vc_custom_heading][vc_column_text uncode_shortcode_id=»292355&#8243;]2-4 posti letto[/vc_column_text][vc_single_image media=»177&#8243; media_width_percent=»100&#8243; media_ratio=»one-one» uncode_shortcode_id=»186873&#8243; media_link=»url:https%3A%2F%2Fwww.orvietointerrazza.com%2Falloggi%2Fcamera-gialla%2F»][/vc_column][vc_column width=»1/4&#8243;][vc_custom_heading heading_semantic=»h3&#8243; text_size=»h3&#8243; uncode_shortcode_id=»152129&#8243;]</p>
<p style="text-align: left;"><a href="https://www.orvietointerrazza.com/alloggi/mansarda/">CAMERA MANSARDA</a></p>
<p>[/vc_custom_heading][vc_column_text uncode_shortcode_id=»281353&#8243;]2-3 posti letto[/vc_column_text][vc_single_image media=»182&#8243; media_width_percent=»100&#8243; media_ratio=»one-one» uncode_shortcode_id=»917935&#8243; media_link=»url:https%3A%2F%2Fwww.orvietointerrazza.com%2Falloggi%2Fmansarda%2F»][/vc_column][vc_column width=»1/4&#8243;][/vc_column][/vc_row][vc_row][vc_column width=»1/1&#8243;][vc_empty_space empty_h=»2&#8243;][/vc_column][/vc_row]</p>
</div>

<p>[vc_row][vc_column width=»1/1&#8243;][vc_separator sep_color=»color-gyho» uncode_shortcode_id=»154282&#8243; sep_color_type=»uncode-palette»][/vc_column][/vc_row][vc_row][vc_column][vc_column_text text_color=»accent» uncode_shortcode_id=»155505&#8243; text_color_type=»uncode-palette»]Orvieto in Terrazza es un encantador apartamento ubicado en el centro histórico de [&hellip;]</p>
